composite number?
True
Is 85759776757 a composite number?
False
Is 4093161581 a prime number?
False
Is 25874363 a composite number?
False
Is 1393909159 a composite number?
False
Is 50971421 a composite number?
False
Is 11250514733 a prime number?
True
Is 3317649607 a prime number?
True
Is 10084017539 composite?
False
Is 769671079 composite?
True
Is 49965823 prime?
False
Is 410828153 a prime number?
True
Is 2648616407 a prime number?
False
Is 78455227 a prime number?
False
Is 1445583817 prime?
False
Is 1486798003 prime?
True
Is 3207867319 a prime number?
True
Is 529362817 a prime number?
False
Is 15472034597 composite?
False
Is 192436487849 prime?
True
Is 1085708269 composite?
True
Is 27917402057 a composite number?
True
Is 118123301 composite?
True
Is 1860399949 a prime number?
True
Is 16253647 a composite number?
False
Is 15047369349 a composite number?
True
Is 965266493 a prime number?
True
Is 61271444539 composite?
True
Is 52105797881 a composite number?
True
Is 11698189529 a composite number?
True
Is 1733437699 a prime number?
False
Is 109187305897 a prime number?
True
Is 14757155873 prime?
True
Is 4274954863 a composite number?
False
Is 1049912218 prime?
False
Is 16764992857 a prime number?
True
Is 2276777593 composite?
False
Is 991917359 composite?
True
Is 5492891419 a composite number?
False
Is 2563298033 prime?
True
Is 2386458313 a prime number?
True
Is 59963831981 composite?
True
Is 22266799 a prime number?
True
Is 567757142 a composite number?
True
Is 1602283127 prime?
True
Is 406308587 a composite number?
True
Is 1178939549 composite?
False
Is 3623132809 a prime number?
True
Is 37245636487 a prime number?
False
Is 28185242717 a composite number?
False
Is 8432816699 prime?
True
Is 141130344193 a composite number?
False
Is 4345643593 prime?
False
Is 18638611543 a composite number?
False
Is 256864663 prime?
False
Is 3340459511 a composite number?
True
Is 1649331829 prime?
True
Is 193191908413 a prime number?
False
Is 8208126007 a composite number?
False
Is 31868611 composite?
True
Is 118123418227 a composite number?
False
Is 6713887577 a prime number?
False
Is 462498149 a composite number?
True
Is 1004441057 a prime number?
False
Is 77017756651 prime?
False
Is 190134389 a prime number?
False
Is 8896660039 prime?
True
Is 1684474681 a prime number?
False
Is 11038671583 a prime number?
True
Is 2276796823 a prime number?
False
Is 3432925246 a composite number?
True
Is 6941190391 a prime number?
True
Is 338641508129 composite?
False
Is 3082211057 a prime number?
False
Is 5115761239 composite?
False
Is 1104940742 composite?
True
Is 2031131307 prime?
False
Is 2999128919 prime?
False
Is 160063906449 a prime number?
False
Is 64780349839 composite?
False
Is 68146684798 a prime number?
False
Is 1464163549 a prime number?
False
Is 296124551 composite?
True
Is 1415120117 a composite number?
True
Is 20691846247 a prime number?
False
Is 8327779241 composite?
False
Is 51677754653 prime?
False
Is 1151426819 composite?
False
Is 127861345457 a prime number?
True
Is 22164254449 composite?
False
Is 8804106023 a composite number?
False
Is 1256837819 a prime number?
False
Is 13213482641 prime?
True
Is 1911419773 a composite number?
True
Is 974420767 prime?
True
Is 2454283283 prime?
False
Is 183841319 a composite number?
False
Is 101717487283 a prime number?
True
Is 43710571 composite?
False
Is 4374107869 prime?
False
Is 8021096243 a composite number?
False
Is 73868959823 a prime number?
False
Is 1540304879 composite?
False
Is 7332144857 a composite number?
False
Is 94201947211 prime?
True
Is 35717144339 prime?
False
Is 242640553 a prime number?
False
Is 30770477039 prime?
False
Is 119882339 a prime number?
True
Is 2425465541 prime?
False
Is 3929852011 prime?
True
Is 6370400263 composite?
False
Is 20670820589 composite?
False
Is 5103829 a composite number?
False
Is 2889281053 composite?
True
Is 39636622189 prime?
False
Is 2643301319 prime?
False
Is 842718199 composite?
False
Is 3757454609 prime?
True
Is 15834901 a composite number?
False
Is 190334905 a composite number?
True
Is 878101061 prime?
False
Is 29944332707 composite?
True
Is 564720734 a composite number?
True
Is 4067887751 a composite number?
True
Is 1494490691 composite?
False
Is 72751555 composite?
True
Is 23110365521 composite?
False
Is 21139560931 composite?
False
Is 18201683881 a prime number?
False
Is 335695429 a composite number?
True
Is 2653883695 composite?
True
Is 2135427229 prime?
False
Is 5234126971 prime?
False
Is 156639833929 a composite number?
True
Is 67184431891 a prime number?
True
Is 251049674319 a composite number?
True
Is 433136071 a composite number?
False
Is 14798839247 prime?
True
Is 15586911077 a prime number?
False
Is 30140243839 prime?
False
Is 141648557179 a composite number?
True
Is 5432550437 composite?
True
Is 226307543533 a prime number?
False
Is 76627853 a prime number?
True
Is 18121406587 prime?
True
Is 11608489973 a composite number?
True
Is 156687888389 a composite number?
False
Is 204395953 prime?
True
Is 1670483593 prime?
True
Is 5292603023 a prime number?
True
Is 125493920581 composite?
True
Is 49800334345 composite?
True
Is 2193312535 a prime number?
False
Is 15945119 a composite number?
False
Is 235436321 composite?
False
Is 9456164231 prime?
True
Is 147013409 a composite number?
False
Is 5127608873 a composite number?
False
Is 120888821 composite?
False
Is 492477574 a composite number?
True
Is 26625496687 prime?
False
Is 30130087769 composite?
False
Is 8569248703 composite?
False
Is 26138296987 prime?
False
Is 5970916547 prime?
False
Is 12433019843 composite?
False
Is 13255142237 prime?
True
Is 2922653 a composite number?
False
Is 660922723 a prime number?
True
Is 9090138219 prime?
False
Is 34172053915 a composite number?
True
Is 536180369 a composite number?
True
Is 6294404323 composite?
True
Is 2254128337 prime?
False
Is 18175879093 prime?
False
Is 10326885973 prime?
True
Is 2757317141 a composite number?
False
Is 155645921 composite?
True
Is 7986460667 a composite number?
False
Is 6638908513 a composite number?
False
Is 2746162481 prime?
True
Is 4060379329 composite?
False
Is 460910941 a composite number?
False
Is 1043858111 a prime number?
True
Is 556753463 a composite number?
True
Is 582238747 a prime number?
True
Is 39989913031 prime?
False
Is 7238937427 a prime number?
True
Is 4824103429 prime?
False
Is 2797169777 composite?
False
Is 1493752613 a prime number?
True
Is 310397617 a prime number?
False
Is 13363728634 a composite number?
True
Is 70873658 a prime number?
False
Is 260558745549 a composite number?
True
Is 81689212543 composite?
False
Is 94195628693 a prime number?
True
Is 13169151967 a prime number?
True
Is 19429043507 composite?
True
Is 4088688535 a prime number?
False
Is 4367757811 a prime number?
True
Is 30264590921 composite?
True
Is 29915952329 composite?
False
Is 43718479 prime?
False
Is 160707691 a prime number?
True
Is 1889415197 composite?
False
Is 48488459 composite?
False
Is 85116392401 prime?
False
Is 17348142719 a composite number?
False
Is 891119777 a prime number?
True
Is 13926322159 composite?
True
Is 577505939 prime?
True
Is 1647253313 composite?
False
Is 60484693565 a composite number?
True
Is 1589474053 prime?
True
Is 78144439 composite?
False
Is 2452086889 composite?
True
Is 99053138999 prime?
True
Is 191990731 composite?
False
Is 7514056643 a prime number?
False
Is 770316893 composite?
True
Is 1910880239 composite?
True
Is 536993021491 prime?
True
Is 53097804971 prime?
True
Is 58433600845 a prime number?
False
Is 7639432967 prime?
False
Is 1545060223 prime?
False
Is 2535692473 a prime number?
False
Is 1443480329 a prime number?
False
Is 201146741053 composite?
True
Is 40963469903 a prime number?
True
Is 2827333961 a composite number?
True
Is 1217815019 composite?
False
Is 17165177207 a prime number?
True
Is 23095687289 a composite number?
False
Is 6126487613 a composite number?
False
Is 3678837341 a prime number?
True
Is 3017034677 a prime number?
False
Is 22733843207 a composite number?
False
Is 13643687923 prime?
True
Is 7505789953 a prime number?
True
Is 220781065 prime?
False
Is 3254275043 composite?
False
Is 29493218471 composite?
False
Is 45863774839 a prime number?
False
Is 12198356819 a composite number?
True